ded by 34?
27
Let y = 132 + -131. Calculate the remainder when y/5 + (-28680)/(-100) is divided by 12.
11
Let j(x) = -2*x**3 - x**2 + 3. Let w be j(6). Let p = -288 - w. What is the remainder when p is divided by 15?
12
Suppose 5*o = -5*s - 15, 1 + 10 = -2*s - 3*o. What is the remainder when (75 - 43) + (2 + -1 - 2) is divided by -2*4*(-3 + s)?
7
Suppose 5*h - 159 = -4*w, 3*w = 2*w + 4*h + 24. Suppose -32*s = -w*s + 2076. What is the remainder when s is divided by 87?
84
Let k = 14 - -15. Suppose -4*p = -k - 87. Suppose 90*h - 902 = 8*h. What is the remainder when p is divided by h?
7
Suppose -1773 - 6709 = -25*u + 15118. What is the remainder when u is divided by 27?
26
Let n(g) = g + 13. Let x be n(-7). Suppose -x*z = -5*z - 11. Suppose v = -0*v - 5*h + z, -v + 17 = 2*h. What is the remainder when 79 is divided by v?
16
Let d = 111 - 106. Let t be 0/(4 + (d - 11)). Suppose t = -13*i + 598 + 104. What is the remainder when i is divided by 15?
9
Let o be (-14 + 116)*2/12. Suppose 3*h + 22 = 3*q - 11, 3*q + h = o. Suppose 5 = u + 2. What is the remainder when q is divided by u?
1
Suppose -21*u = -972 + 300. Suppose -18 = -4*y + 2*d + u, 0 = -d + 5. What is the remainder when 284 is divided by y?
14
Calculate the remainder when (-64 - -62) + 11451/5 - (-4)/5 is divided by 258.
225
Suppose -62*o + 84994 + 118800 = 0. What is the remainder when o is divided by 1639?
9
Calculate the remainder when 314 is divided by (0 - 1) + -3 + (-1995)/(-35).
49
Let w be ((-15)/6)/(3 + (-34)/8). Calculate the remainder when 49*w*(-6)/(-21) is divided by 6.
4
Let c(v) = -v**2 + 11*v - 11. Let k be c(9). Let j(z) = z - 23. Let x be j(k). Let w = 5 - x. What is the remainder when 38 is divided by w?
17
Suppose -1108 = 2*n + r - 4010, n - 4*r = 1460. Calculate the remainder when n is divided by 14.
10
Let d = -2147 + 2202. What is the remainder when 355 is divided by d?
25
Let v = 26 + -13. Let k(y) = -2*y**3 - 325*y**2 + 166*y + 539. Calculate the remainder when k(-163) is divided by v.
11
Let p = -2079 - -2386. Calculate the remainder when p is divided by 150.
7
Let f be (1 + (-44)/6)*(0 - 3). Suppose -5*x - 9 = -f. Calculate the remainder when 28 is divided by 8/(-3 - -4) + x.
8
Suppose -1035*y = -1012*y - 161. Let s(a) = -4*a + 1. Let z be s(2). What is the remainder when 1/z + (-549)/(-21) is divided by y?
5
Suppose -25 = -5*o - 3*k, 3*o - 3*k = -4*k + 15. Suppose -o*u - 77 - 98 = 0. Calculate the remainder when 56 is divided by (35 - 0)*(-30)/u.
26
Let f(a) = 66*a**3 + 2*a**2 - 2*a + 1. Let o be -29 - 4 - (1 - 1). Let n = -32 - o. What is the remainder when f(n) is divided by 23?
21
Let k = 204 - -35. Calculate the remainder when k is divided by 18/(-15) - (-1484)/70.
19
Suppose 6765 - 19737 = -138*q. Let z = 22 - 3. What is the remainder when q is divided by z?
18
Let j = -2975 + 3547. Calculate the remainder when j is divided by 59.
41
Suppose r = -235 + 250. Let f(q) be the first derivative of q**3/3 + 3*q**2 - 5*q + 12. Calculate the remainder when f(5) is divided by r.
5
What is the remainder when 6/(43603/(-3115) - -14) is divided by 19?
10
Suppose 3*o + 10*s - 489 = 12*s, -2*o - s = -326. Suppose o + 836 = 27*k. What is the remainder when k is divided by 15?
7
Let o be 252/(-72) - 1*2/4. Calculate the remainder when 24 is divided by -3 - 2 - (o + (-16)/2).
3
Let k(o) = -o**3 - 14*o**2 - 17*o - 47. Let j be k(-13). Suppose -4*c + 193 = j*w, 64 = 2*w - c - 21. What is the remainder when 77 is divided by w?
36
Suppose 20596 + 215359 = 459*k - 234061. Calculate the remainder when k is divided by 6.
4
Let n(w) = -w**3 - 14*w**2 + 19*w - 10. Let s be n(-15). Let q = -73 - s. Calculate the remainder when 35 is divided by ((-1)/(-4))/(471/156 + q).
9
Let b be 29 - (-6 - -4 - -8). Suppose -25*g = -24*g - b. What is the remainder when g is divided by 12?
11
Let m be 12/16 + (-264)/(-32). Suppose -183 = -2*k - 4*l + m*l, -l + 333 = 4*k. What is the remainder when k is divided by 5?
4
Let q(b) = 14*b + 6. Let f(c) = 203*c + 41. Let z be f(4). Let s = -826 + z. Calculate the remainder when q(7) is divided by s.
23
Let x(m) = -5*m - 7. Suppose -2*c = 5*v - 242, 55 = 2*v + 2786*c - 2789*c. Calculate the remainder when v is divided by x(-6).
21
Let n(z) = z**2 - 3*z + 26. Let v = 242 - 227. Calculate the remainder when n(v) is divided by 35.
31
Let n(h) = h**2 - 5*h + 1. Let b = 60 - 56. Suppose 5*y - b*f = 288, 3*y - 188 = 4*f - 12. What is the remainder when y is divided by n(7)?
11
What is the remainder when ((2/14)/((-135)/(-2205)))/((-12)/(-540)) is divided by 17?
3
Suppose -24*b + 19*b = -5, 3*x - 2*b - 5287 = 0. Calculate the remainder when x is divided by 524.
191
Let p(d) = d**2 + 11*d + 2. Suppose 0 = 10*m + 51 + 49. Let h be p(m). Calculate the remainder when (-9)/36 - 370/h is divided by 16.
14
What is the remainder when 2677 + (9 - 29) - (2 - 0) is divided by 38?
33
Let i(n) = -13*n - 9. Let p be i(11). Let k = 227 + p. Let q = 432 + -406. Calculate the remainder when k is divided by q.
23
Let i(j) = -63*j - 166. Calculate the remainder when 135 is divided by i(-3).
20
Suppose -29*t + 25*t = 0. Suppose t = r + 61 - 88. What is the remainder when 1402 is divided by r?
25
Suppose h - 108 - 8 = -4*v, 0 = -2*h + 8. Calculate the remainder when 1676 is divided by v.
24
Let w = -221 - -513. Suppose w + 380 = 16*o. Calculate the remainder when 83 is divided by o.
41
Calculate the remainder when 370 is divided by 26 - 17/((-153)/108).
28
Let g(y) = 13*y. Let f = -1376 - -1385. Calculate the remainder when (-8 - (-147)/f)*(-12)/(-5) is divided by g(1).
7
Let r(k) be the second derivative of 0 + 1/6*k**4 + 1/2*k**2 + 1/20*k**5 - 1/6*k**3 + 5*k. Calculate the remainder when 7 is divided by r(1).
1
Let h(x) = 2*x**2 + 16*x - 33. What is the remainder when 463 is divided by h(5)?
75
Let x = -7932 - -8053. Let j be (-2)/(-4) - (-66)/(-12). Calculate the remainder when x is divided by 34 + -1 + j + 3.
28
Suppose -o = -4*i + 23 + 39, 0 = -3*o + 2*i - 136. Let j(n) = -4*n - 148. Calculate the remainder when 155 is divided by j(o).
15
Suppose u - 4*u = -18. Suppose 2*a - 4*v = 40, 0 = -2*a - 3*v + 2 + 3. Calculate the remainder when 12/8 - (-93)/u is divided by a.
7
Suppose 2*f + 16 = 0, -1014 = -5*w - 50*f + 53*f. Calculate the remainder when 735 is divided by w.
141
Let p(t) = -t**3 + 3*t**2 - 5*t + 10. Let g be p(2). Suppose r + 2*r + 2*s = 811, -g*r + 4*s = -1108. What is the remainder when r is divided by 23?
20
Let a be 2 + 178 - (-3 + -1). Suppose -49*u - 348 + 1776 = -1610. Calculate the remainder when u is divided by (a/(-12))/(4/(-6)).
16
Let b = 58 + 7. Let u = -68 + b. What is the remainder when (55/(-4))/(u/12) is divided by 12?
7
Let t = -1041 + 594. Let z = t - -511. Calculate the remainder when z is divided by 22.
20
Suppose -m - 2*l + 12 = 0, 8*l - 16 = -3*m + 12*l. What is the remainder when 3645 is divided by m?
5
Let j be 56444/12 - (4 + (-39)/9). Suppose -37*h = -21*h - j. Calculate the remainder when h is divided by 37.
35
What is the remainder when ((-302)/453)/(2/(-4944)) is divided by 33?
31
Let n(h) = h**3 + 128*h**2 + 4*h + 580. What is the remainder when 135 is divided by n(-128)?
67
What is the remainder when 142 - 195/(8 - -7) is divided by 20?
9
Let o be -362*((-4)/(-4))/2. Let l = o + 210. What is the remainder when 101 is divided by l?
14
Calculate the remainder when 136 is divided by (5740/(-105))/(24/(-18)).
13
Let i(b) = 38*b**3 - 5*b**2 + 7*b - 1. Calculate the remainder when 138 is divided by i(1).
21
Let w(a) = a**3 + 10*a**2 + 7. Let r be w(-9). Suppose 3*q + 2 + 4 = 0, 5*q + 10 = -k. Suppose k*z = 4*z - r. What is the remainder when z is divided by 3?
1
Let k = -16823 - -17616. Calculate the remainder when k is divided by 73.
63
Let n(f) = 4*f**2 + f - 14. Let p(w) = -w**2 + 3*w + 27. Let o be p(6). Calculate the remainder when n(o) is divided by 32.
31
Let r be 1/3 - 284/6. Let i(y) = y**3 - 188*y**2 - 953*y - 2307. Calculate the remainder when (r + -1)/((-1)/2) is divided by i(193).
6
What is the remainder when 247 is divided by ((-281)/(-6) - ((-2071)/114 + 18)) + 5?
39
Suppose -4*t = -2*k + 4*k - 214, -2*k = -4*t - 206. Suppose 0 = 10*l - 15*l + 100. Let q = k + l. Calculate the remainder when q is divided by 32.
29
Let l = -